6. Let j(q) = 6*m(q) - 7*r(q). Let x = 0 - -2. Let l be x*-2*1/(-2). What is j(l)?
-2
Let j(x) = 11*x**2 + 11 + 5*x**2 + 3*x + 4 - 15*x**2. Let r(g) = -2*g**2 - 7*g - 29. Let a(n) = -11*j(n) - 6*r(n). Determine a(-6).
-9
Let q(s) = -21*s**2 - 112. Let r(o) = 2*o**2 + 10. Let v(y) = 5*q(y) + 56*r(y). Give v(2).
28
Let h(d) be the first derivative of d**3/3 - 6*d**2 + 11*d + 230. What is h(12)?
11
Let t be (-3)/12 - 34/(-8). Let a(n) = 21 - 6 - t - n + 0. Calculate a(8).
3
Let g = -25 + 11. Let v be (2 - g/(-4))/(18/12). Let c(n) = 2*n**2 - 1. What is c(v)?
1
Let t be (-5 - -6)/((-1)/(-3)) - -1. Let c(g) = 5*g - 4 - g**2 - t*g - 3. Suppose 2*h + 1 = 2*q + 11, 0 = 4*q + 4*h - 20. Give c(q).
-7
Let p(d) be the third derivative of d**6/120 - d**5/15 - 5*d**4/24 + 7*d**3/6 - 17*d**2. Suppose 3*z = 7*z - 4*f - 16, -4*f = 2*z - 14. Give p(z).
7
Suppose -4*z - 50 = z. Let d = z - -14. Let p(b) = -d*b + 3*b - 1 + b**2 + 7*b. What is p(-7)?
6
Let a(z) = -5*z**3 - 6*z**2 + 9*z - 15. Let j(t) be the first derivative of -t**4 - 2*t**3 + 4*t**2 - 14*t - 7. Let m(i) = -5*a(i) + 6*j(i). Give m(6).
9
Let g(r) = -2*r**2 - 15*r + 11. Let z(b) = b**2 + 14*b - 10. Let u(x) = -2*g(x) - 3*z(x). Let j be u(11). Let m(l) = -l**3 - 5*l**2 - 3*l - 2. What is m(j)?
-11
Let u(g) be the first derivative of 0*g + 11/120*g**5 + 1/24*g**4 + 2 + 5/3*g**3 + 0*g**2. Let y(f) be the third derivative of u(f). What is y(1)?
12
Let v(w) = 4*w - 7. Let y be v(7). Let h = 16 - y. Let f(u) be the first derivative of 3*u**2/2 + 4*u - 4. Calculate f(h).
-11
Let r(z) = 0*z - z + 2*z - 6. Suppose -5*m - 73 = -18. Let k be (-4 - (-230)/55) + (-31)/m. Give r(k).
-3
Let t(q) = q**2 + 2*q + 7. Let g be t(0). Let l(p) = 0 + 6 + g*p + 2*p**2 - 8 + 7. Calculate l(-4).
9
Let h(u) = -4 - 6 + 24 - 12 + 3*u. Give h(5).
17
Let m(j) = -2*j**2 - 26*j - 80. Let g be m(-8). Let k(b) be the second derivative of -1/2*b**2 - 6*b - 1/2*b**3 + g - 1/6*b**4. What is k(-2)?
-3
Let b(m) be the first derivative of 14 + 3/2*m**2 + 2/3*m**3 + 3*m - 1/4*m**4. Give b(3).
3
Let f(x) = -6*x**2 + 2. Let n be f(4). Let j = -98 - n. Let i(c) = -c**2 - 5*c + 5. Calculate i(j).
9
Let p(c) be the first derivative of -c**5/20 - c**4/2 + c**3 - c**2/2 + 10*c - 11. Let g(a) be the first derivative of p(a). Determine g(-7).
6
Let w(r) = -11*r**3 + r**2 - 1. Let c be 12/(-8)*(-16)/12. Suppose 2*o - 10 = c*t, 2*t - t - 5 = -4*o. Let i = o - 1. Give w(i).
-11
Let k = -5 + -1. Let g be 1 + 3 + k + 2. Let p(r) = -r**2 - 2*r - 2*r + 1 + g + 3*r. Give p(0).
1
Let v(h) = -8*h**3 - h. Let k be v(-1). Let x be -1 + k + 12/4. Suppose -5*d + 0*d - x = -4*s, 4*s + 2*d = 18. Let q(n) = n**3 - 5*n**2 + 3*n + 2. What is q(s)?
-2
Let b(n) = n**2 - 5*n - 15. Let r = -32 - -39. Let t be b(r). Let q(o) = 5*o**2 - 5*o. Let w(l) = 5*l**2 - 6*l. Let v(h) = 7*q(h) - 6*w(h). What is v(t)?
4
Let r(a) be the second derivative of a**6/72 - a**5/120 - 5*a**4/3 - 22*a. Let p(g) be the third derivative of r(g). Give p(1).
9
Let k be ((-18)/3)/(9/2)*102. Let t = -130 - k. Let q(o) = 3*o - 14. What is q(t)?
4
Let k(n) = 3*n**2 - 6*n + 7. Let w(p) = p**2 + p. Let o(i) = -k(i) + 2*w(i). Determine o(5).
8
Let t = -42 - -48. Let d(h) = 5*h - 4*h - 2 - t*h**2 + 7*h**2. What is d(2)?
4
Let n(l) = 18*l - 110. Let r be n(6). Let o(i) = i - 2. Determine o(r).
-4
Let l(b) = b**3 - 8*b**2 - 11*b + 9. Let n be l(9). Let v(g) = 1. Let h(j) = -j + 2. Let c(q) = n*v(q) + 4*h(q). What is c(-2)?
7
Let x(d) = 47*d**2 + 2*d. Let l(v) = 2*v**2 - v + 1. Let h(z) = l(z) + x(z). Calculate h(-1).
49
Let i(n) = 2*n**2 + 23 - 21 - 5*n + 6*n - 3*n**2. What is i(0)?
2
Let h be 20/(-30)*3/5*10. Let q(x) = -x**2 - 3*x + 2. Calculate q(h).
-2
Let p = 0 + 8. Let f be (p/16)/(1/6). Let h(z) = z**2 + 4 - 4 + 7 - 3 + f*z. Determine h(-3).
4
Let z(m) = m + 1 + 0*m + 3 - 3. Suppose 4*w + 8 = 4*b, 3*w = 4*w - 5*b + 6. Determine z(w).
0
Let o be (16/20)/((-4)/(2*20)). Let b(r) = -4*r + 4. Give b(o).
36
Let q = 11 - -15. Let u(y) = y**3 - 5*y**2 + 5*y + 1. Let t be u(4). Suppose 0*k + k = -b - 4, t*b - k + q = 0. Let w(s) = -s**3 - 5*s**2 + 4. Calculate w(b).
4
Let v(w) = -48*w**2 + 108*w + 33. Let y(q) = -6*q**2 + 13*q + 4. Let j(i) = 4*v(i) - 33*y(i). Determine j(-3).
45
Let d(a) be the second derivative of -4*a - 1/12*a**4 + 0 + 0*a**3 + 21/2*a**2. What is d(0)?
21
Suppose 3*t + h - 45 = 0, t - 11*h = -8*h + 5. Let c(r) = r**3 - 13*r**2 - 12*r - 7. Give c(t).
21
Let l(j) = j**3 + 4*j**2 - 2*j - 5. Let k be l(-4). Let r(a) = 6 - k*a + a + a - 1. Give r(5).
0
Let h(d) = 537*d + 528*d - 1060*d - 2*d**2 + 4. Let y(t) = t**2 + 3*t. Let s be y(-4). Determine h(s).
-8
Let m(y) = 2*y**3 + 4*y - 3. Suppose -5*r - 2*r = -28. Let v be (0 - 15/(-10))*r/3. What is m(v)?
21
Let y(w) = w**3 - 8*w**2 + 9*w - 6. Suppose -2*l - 14 + 2 = x, 4*x + 8 = 0. Let d be l/10*-8 + 3. Give y(d).
8
Let t(f) = -f + 6. Let i(c) = 6. Let k(w) = 2*i(w) - 3*t(w). Determine k(-6).
-24
Let r(a) be the first derivative of a**2 - 3*a + 141. Determine r(-7).
-17
Let f be (-245)/42 - 30/(-5). Let q(x) be the second derivative of -x + 0 + x**2 - f*x**4 + 1/20*x**5 - 2/3*x**3. Give q(3).
-1
Let l be 8/(3 + 1) - -56. Let f(u) = l*u + 3*u**2 - 2*u**2 - 57*u. Calculate f(-3).
6
Let x(g) be the third derivative of g**6/360 + g**5/40 - g**4/24 + 4*g**3 + 22*g**2. Let t(m) be the first derivative of x(m). Give t(-2).
-3
Let l(s) = -s**2 + 12*s - 10. Let y be l(5). Let v = 22 - y. Let r(z) = -2*z**3 - 5*z**2 - 4*z - 2. Give r(v).
19
Let p(x) = x**2 + 4*x + 4. Let q(b) = b**3 - 25*b**2 - 21*b - 134. Let f be q(26). Determine p(f).
4
Let w(p) = 10 + 157*p**2 - 317*p**2 - 14*p + 161*p**2. What is w(10)?
-30
Let f(l) be the first derivative of l**3/3 + 5*l**2 - 23*l - 226. Determine f(-11).
-12
Let h(l) be the first derivative of -4*l**2 + l - 159. Calculate h(-1).
9
Let o(i) be the third derivative of -i**5/60 + i**4/3 + i**3/2 + 11*i**2. Let c(g) = g**2 + 12*g + 18. Let s be c(-11). Calculate o(s).
10
Let y be 1952/672 + 2/21. Let g(c) = c**2. Determine g(y).
9
Let c(x) be the third derivative of -5*x**4/24 - x**3/3 + 19*x**2. Suppose 2*l - 5 = -o - 0, 0 = -3*l + o + 20. Suppose l*d - 9 = 1. Determine c(d).
-12
Suppose 0 = 4*a - 16 + 8. Suppose -9 = z - a*g, -19 = z - 3*g - g. Let x(s) = 7*s - 1. What is x(z)?
6
Let p(z) = 0 + 3*z + 2*z - 4*z + 2 + 0. Give p(-4).
-2
Let f(n) be the third derivative of -3*n**4/8 - n**3 + 2*n**2 - 8*n. Calculate f(-5).
39
Let w(l) be the second derivative of 0 + 7/6*l**3 - 11*l - 1/2*l**2 + 1/12*l**4. Determine w(-5).
-11
Suppose -6*f = 37 - 13. Let v(y) = 3*y**2 + 6*y - 2. Let g(j) = -2*j**2 - 5*j + 1. Let z(w) = f*g(w) - 3*v(w). What is z(2)?
2
Let r(w) = -2*w**3 + 14*w**2 - 27*w + 11. Let i(c) = 4*c**2 + 14*c - 3*c**2 - 8 + c**3 - 8*c**2 + 2. Let v(s) = 11*i(s) + 6*r(s). Determine v(6).
-12
Let x(o) = -3*o - 23. Let z be x(-9). Let r(m) = z - 3*m + 7 - 4 + m. Give r(7).
-7
Let b = 16 - 11. Let z(q) = -1 - 2 - q - 18*q - 2*q + 20*q. Calculate z(b).
-8
Let k(y) be the first derivative of -y**5/60 + y**4/12 - y**3/3 + 19*y**2/2 + 35. Let m(b) be the second derivative of k(b). Give m(4).
-10
Let v be ((-1)/4)/(3/(-24)) + -7. Let x(f) = -f**2 - f + 5. Calculate x(v).
-15
Let p(r) be the third derivative of 0*r + 0 - 1/60*r**5 - 23*r**2 + r**3 + 1/6*r**4. What is p(5)?
1
Let r = 20 + -239/12. Let g(y) be the third derivative of 2/3*y**3 + 0 + 3*y**2 + 0*y + r*y**4. Give g(-4).
-4
Let x be ((-12)/(-8))/(2*(-3)/12). Let u(a) = a. Let l(s) = 3*s**2 + 15*s - 3. Let i(z) = -l(z) + 15*u(z). Determine i(x).
-24
Let f(x) = 3*x. Let b(d) = -16*d - 1. Let i be 1/(-1) + (-4 - -16). Let m(r) = i*f(r) + 2*b(r). Let p = 12 - 6. Give m(p).
4
Let a(y) be the second derivative of -7*y**3/2 - y**2/2 - y + 2. What is a(-1)?
20
Let w(h) = -3*h + 18 - 21 + 3*h - 3*h + 4*h. Calculate w(5).
2
Let w(h) = -5*h + 2. Let c(b) = -b + 1. Let k(v) = 6*c(v) - w(v). Suppose 0 = -10*g + 3*g. Calculate k(g).
4
Let a = 23 + -18. Let t be (a/(-2))/((-3)/6). Let j(c) be the second derivative of -c**5/20 + 5*c**4/12 - c**3/6 + 3*c**2/2 + 8*c. Determine j(t).
-2
Let w(j) = -7*j + 31. Let l(d) = 6*d - 28. Let t(m) = -6*l(m) - 5*w(m). Determine t(5).
8
Let r(q) = 0 - 3 + 2 - q. Suppose 7*n + 14 = 28. Calculate r(n).
-3
Let q(d) = -36*d - 1. Suppose -31*p - 